21:48:02 T:8208   DEBUG: CScraperUrl::Get: Using "UTF-8" charset for "http://api.tmdb.org/3/search/movie?api_key=f7f51775877e0bb6703520952b3c7840&query=Susu%20a%20sarkany%202&year=&language=hu"
21:48:02 T:8208   DEBUG: scraper: GetSearchResults returned <results></results>
21:48:02 T:8208 WARNING: No information found for item 'smb://SYNOLOGY/Movies/Mesék/Susu a sarkany 2.ISO', it won't be added to the library.
21:48:02 T:8208   DEBUG: CVideoDatabase::GetMovieId (smb://SYNOLOGY/Movies/Mesék/Teenage.Mutant.Ninja.Turtles.2014.720p.BluRay.DD5.1.x264.HuN-TRiNiTY.mkv), query = select idMovie from movie where idFile=1289
21:48:02 T:8208   DEBUG: CVideoDatabase::GetMovieId (smb://SYNOLOGY/Movies/Mesék/The.Good.Dinosaur.2015.1080p.BluRay.DTS.x264.HuN-HyperX.mkv), query = select idMovie from movie where idFile=1290
21:48:02 T:8208   DEBUG: CVideoDatabase::GetMovieId (smb://SYNOLOGY/Movies/Mesék/The.Incredibles.2004.HUN.ENG.HDTV.1080p.x264-SRT.mkv), query = select idMovie from movie where idFile=1291
21:48:02 T:8208   DEBUG: CVideoDatabase::GetMovieId (smb://SYNOLOGY/Movies/Mesék/The.Muppets.2011.720p.BluRay.x264.Hun-Sadu.mkv), query = select idMovie from movie where idFile=1292
21:48:02 T:8208   DEBUG: VideoInfoScanner: No NFO file found. Using title search for 'smb://SYNOLOGY/Movies/Mesék/TOM_ES_JERRY_VOL_03.ISO'
21:48:02 T:8208   DEBUG: ADDON::CScraper::FindMovie: Searching for 'TOM ES JERRY VOL 03' using The Movie Database scraper (path: 'C:\Users\hajos\AppData\Roaming\Kodi\addons\metadata.themoviedb.org', content: 'movies', version: '3.9.2')
21:48:02 T:8528   DEBUG: Caching image 'http://image.tmdb.org/t/p/original/xGNcy5uCe0Ke5vqC7oZlOV3GGDx.jpg' to 'b/bb8ffc4a.jpg':
21:48:02 T:8528   DEBUG: cached image 'special://masterprofile/Thumbnails/b/bb8ffc4a.jpg' size 540x720
21:48:02 T:8208   DEBUG: scraper: CreateSearchUrl returned <url>http://api.tmdb.org/3/search/movie?api_key=f7f51775877e0bb6703520952b3c7840&amp;query=TOM%20ES%20JERRY%20VOL%2003&amp;year=&amp;language=hu</url>
21:48:02 T:8208   DEBUG: CurlFile::Open(191D11E0) http://api.tmdb.org/3/search/movie?api_key=f7f51775877e0bb6703520952b3c7840&query=TOM%20ES%20JERRY%20VOL%2003&year=&language=hu
21:48:02 T:8208   DEBUG: CScraperUrl::Get: Using "UTF-8" charset for "http://api.tmdb.org/3/search/movie?api_key=f7f51775877e0bb6703520952b3c7840&query=TOM%20ES%20JERRY%20VOL%2003&year=&language=hu"
21:48:02 T:8208   DEBUG: scraper: GetSearchResults returned <results></results>
21:48:02 T:8208   DEBUG: ADDON::CScraper::FindMovie: Searching for 'TOM_ES_JERRY_VOL_03' using The Movie Database scraper (path: 'C:\Users\hajos\AppData\Roaming\Kodi\addons\metadata.themoviedb.org', content: 'movies', version: '3.9.2')
21:48:02 T:8208   DEBUG: scraper: CreateSearchUrl returned <url>http://api.tmdb.org/3/search/movie?api_key=f7f51775877e0bb6703520952b3c7840&amp;query=TOM_ES_JERRY_VOL_03&amp;year=&amp;language=hu</url>
21:48:02 T:8208   DEBUG: CurlFile::Open(191D11E0) http://api.tmdb.org/3/search/movie?api_key=f7f51775877e0bb6703520952b3c7840&query=TOM_ES_JERRY_VOL_03&year=&language=hu
21:48:02 T:8528   DEBUG: CCurlFile::GetMimeType - http://image.tmdb.org/t/p/original/zMf3lIodQvte4VDnCBnuG9ZEx72.jpg -> image/jpeg
21:48:02 T:8528   DEBUG: CurlFile::Open(198FC320) http://image.tmdb.org/t/p/original/zMf3lIodQvte4VDnCBnuG9ZEx72.jpg
21:48:02 T:2584   DEBUG: CInputManager::ProcessMouse: trying mouse action leftclick
21:48:02 T:8208   DEBUG: CScraperUrl::Get: Using "UTF-8" charset for "http://api.tmdb.org/3/search/movie?api_key=f7f51775877e0bb6703520952b3c7840&query=TOM_ES_JERRY_VOL_03&year=&language=hu"
21:48:02 T:8208   DEBUG: scraper: GetSearchResults returned <results></results>
21:48:02 T:8208 WARNING: No information found for item 'smb://SYNOLOGY/Movies/Mesék/TOM_ES_JERRY_VOL_03.ISO', it won't be added to the library.
21:48:02 T:8208   DEBUG: VideoInfoScanner: No NFO file found. Using title search for 'smb://SYNOLOGY/Movies/Mesék/TOM_ES_JERRY_VOL_05.ISO'
21:48:02 T:8208   DEBUG: ADDON::CScraper::FindMovie: Searching for 'TOM ES JERRY VOL 05' using The Movie Database scraper (path: 'C:\Users\hajos\AppData\Roaming\Kodi\addons\metadata.themoviedb.org', content: 'movies', version: '3.9.2')
21:48:02 T:8208   DEBUG: scraper: CreateSearchUrl returned <url>http://api.tmdb.org/3/search/movie?api_key=f7f51775877e0bb6703520952b3c7840&amp;query=TOM%20ES%20JERRY%20VOL%2005&amp;year=&amp;language=hu</url>
21:48:02 T:8208   DEBUG: CurlFile::Open(0F98AED0) http://api.tmdb.org/3/search/movie?api_key=f7f51775877e0bb6703520952b3c7840&query=TOM%20ES%20JERRY%20VOL%2005&year=&language=hu
21:48:03 T:2584   DEBUG: ------ Window Deinit (DialogSelect.xml) ------
21:48:03 T:8528   DEBUG: Caching image 'http://image.tmdb.org/t/p/original/zMf3lIodQvte4VDnCBnuG9ZEx72.jpg' to 'f/f7866707.jpg':
21:48:03 T:8528   DEBUG: cached image 'special://masterprofile/Thumbnails/f/f7866707.jpg' size 333x500
21:48:03 T:8208   DEBUG: CScraperUrl::Get: Using "UTF-8" charset for "http://api.tmdb.org/3/search/movie?api_key=f7f51775877e0bb6703520952b3c7840&query=TOM%20ES%20JERRY%20VOL%2005&year=&language=hu"
21:48:03 T:8208   DEBUG: scraper: GetSearchResults returned <results></results>
21:48:03 T:8208   DEBUG: ADDON::CScraper::FindMovie: Searching for 'TOM_ES_JERRY_VOL_05' using The Movie Database scraper (path: 'C:\Users\hajos\AppData\Roaming\Kodi\addons\metadata.themoviedb.org', content: 'movies', version: '3.9.2')
21:48:03 T:8208   DEBUG: scraper: CreateSearchUrl returned <url>http://api.tmdb.org/3/search/movie?api_key=f7f51775877e0bb6703520952b3c7840&amp;query=TOM_ES_JERRY_VOL_05&amp;year=&amp;language=hu</url>
21:48:03 T:8208   DEBUG: CurlFile::Open(0F98AED0) http://api.tmdb.org/3/search/movie?api_key=f7f51775877e0bb6703520952b3c7840&query=TOM_ES_JERRY_VOL_05&year=&language=hu
21:48:03 T:8528   DEBUG: CCurlFile::GetMimeType - http://image.tmdb.org/t/p/original/qz6hMHhQLQoSvDFhL7eZzQB9bIf.jpg -> image/jpeg
21:48:03 T:8528   DEBUG: CurlFile::Open(18222C48) http://image.tmdb.org/t/p/original/qz6hMHhQLQoSvDFhL7eZzQB9bIf.jpg
21:48:03 T:8208   DEBUG: CScraperUrl::Get: Using "UTF-8" charset for "http://api.tmdb.org/3/search/movie?api_key=f7f51775877e0bb6703520952b3c7840&query=TOM_ES_JERRY_VOL_05&year=&language=hu"
21:48:03 T:8208   DEBUG: scraper: GetSearchResults returned <results></results>
21:48:03 T:8208 WARNING: No information found for item 'smb://SYNOLOGY/Movies/Mesék/TOM_ES_JERRY_VOL_05.ISO', it won't be added to the library.
21:48:03 T:8208   DEBUG: VideoInfoScanner: No NFO file found. Using title search for 'smb://SYNOLOGY/Movies/Mesék/TOM_ES_JERRY_VOL_06.ISO'
21:48:03 T:8208   DEBUG: ADDON::CScraper::FindMovie: Searching for 'TOM ES JERRY VOL 06' using The Movie Database scraper (path: 'C:\Users\hajos\AppData\Roaming\Kodi\addons\metadata.themoviedb.org', content: 'movies', version: '3.9.2')
21:48:03 T:8208   DEBUG: scraper: CreateSearchUrl returned <url>http://api.tmdb.org/3/search/movie?api_key=f7f51775877e0bb6703520952b3c7840&amp;query=TOM%20ES%20JERRY%20VOL%2006&amp;year=&amp;language=hu</url>
21:48:03 T:8208   DEBUG: CurlFile::Open(0556AC40) http://api.tmdb.org/3/search/movie?api_key=f7f51775877e0bb6703520952b3c7840&query=TOM%20ES%20JERRY%20VOL%2006&year=&language=hu
21:48:03 T:8528   DEBUG: Caching image 'http://image.tmdb.org/t/p/original/qz6hMHhQLQoSvDFhL7eZzQB9bIf.jpg' to '5/5c89ac30.jpg':
21:48:03 T:8528   DEBUG: cached image 'special://masterprofile/Thumbnails/5/5c89ac30.jpg' size 300x450
21:48:04 T:8208   DEBUG: CScraperUrl::Get: Using "UTF-8" charset for "http://api.tmdb.org/3/search/movie?api_key=f7f51775877e0bb6703520952b3c7840&query=TOM%20ES%20JERRY%20VOL%2006&year=&language=hu"
21:48:04 T:8208   DEBUG: scraper: GetSearchResults returned <results></results>
21:48:04 T:8208   DEBUG: ADDON::CScraper::FindMovie: Searching for 'TOM_ES_JERRY_VOL_06' using The Movie Database scraper (path: 'C:\Users\hajos\AppData\Roaming\Kodi\addons\metadata.themoviedb.org', content: 'movies', version: '3.9.2')
21:48:04 T:8208   DEBUG: scraper: CreateSearchUrl returned <url>http://api.tmdb.org/3/search/movie?api_key=f7f51775877e0bb6703520952b3c7840&amp;query=TOM_ES_JERRY_VOL_06&amp;year=&amp;language=hu</url>
21:48:04 T:8208   DEBUG: CurlFile::Open(0556AC40) http://api.tmdb.org/3/search/movie?api_key=f7f51775877e0bb6703520952b3c7840&query=TOM_ES_JERRY_VOL_06&year=&language=hu
21:48:04 T:8528   DEBUG: CCurlFile::GetMimeType - http://image.tmdb.org/t/p/original/bw87KBOvS9qAe7mCK6jtE3Mzbpk.jpg -> image/jpeg
21:48:04 T:8528   DEBUG: CurlFile::Open(198FB500) http://image.tmdb.org/t/p/original/bw87KBOvS9qAe7mCK6jtE3Mzbpk.jpg
21:48:04 T:8208   DEBUG: CScraperUrl::Get: Using "UTF-8" charset for "http://api.tmdb.org/3/search/movie?api_key=f7f51775877e0bb6703520952b3c7840&query=TOM_ES_JERRY_VOL_06&year=&language=hu"
21:48:04 T:8208   DEBUG: scraper: GetSearchResults returned <results></results>
21:48:04 T:8208 WARNING: No information found for item 'smb://SYNOLOGY/Movies/Mesék/TOM_ES_JERRY_VOL_06.ISO', it won't be added to the library.
21:48:04 T:8208   DEBUG: VideoInfoScanner: No NFO file found. Using title search for 'smb://SYNOLOGY/Movies/Mesék/TOM_ES_JERRY_VOL_07.ISO'
21:48:04 T:8208   DEBUG: ADDON::CScraper::FindMovie: Searching for 'TOM ES JERRY VOL 07' using The Movie Database scraper (path: 'C:\Users\hajos\AppData\Roaming\Kodi\addons\metadata.themoviedb.org', content: 'movies', version: '3.9.2')
21:48:04 T:8208   DEBUG: scraper: CreateSearchUrl returned <url>http://api.tmdb.org/3/search/movie?api_key=f7f51775877e0bb6703520952b3c7840&amp;query=TOM%20ES%20JERRY%20VOL%2007&amp;year=&amp;language=hu</url>
21:48:04 T:8208   DEBUG: CurlFile::Open(1AE88E20) http://api.tmdb.org/3/search/movie?api_key=f7f51775877e0bb6703520952b3c7840&query=TOM%20ES%20JERRY%20VOL%2007&year=&language=hu
21:48:04 T:8528   DEBUG: Caching image 'http://image.tmdb.org/t/p/original/bw87KBOvS9qAe7mCK6jtE3Mzbpk.jpg' to '9/9b2410ff.jpg':
21:48:04 T:8528   DEBUG: cached image 'special://masterprofile/Thumbnails/9/9b2410ff.jpg' size 300x450
21:48:04 T:8208   DEBUG: CScraperUrl::Get: Using "UTF-8" charset for "http://api.tmdb.org/3/search/movie?api_key=f7f51775877e0bb6703520952b3c7840&query=TOM%20ES%20JERRY%20VOL%2007&year=&language=hu"
21:48:04 T:8208   DEBUG: scraper: GetSearchResults returned <results></results>
21:48:04 T:8208   DEBUG: ADDON::CScraper::FindMovie: Searching for 'TOM_ES_JERRY_VOL_07' using The Movie Database scraper (path: 'C:\Users\hajos\AppData\Roaming\Kodi\addons\metadata.themoviedb.org', content: 'movies', version: '3.9.2')
21:48:04 T:8208   DEBUG: scraper: CreateSearchUrl returned <url>http://api.tmdb.org/3/search/movie?api_key=f7f51775877e0bb6703520952b3c7840&amp;query=TOM_ES_JERRY_VOL_07&amp;year=&amp;language=hu</url>
21:48:04 T:8208   DEBUG: CurlFile::Open(1AE88E20) http://api.tmdb.org/3/search/movie?api_key=f7f51775877e0bb6703520952b3c7840&query=TOM_ES_JERRY_VOL_07&year=&language=hu
21:48:05 T:8208   DEBUG: CScraperUrl::Get: Using "UTF-8" charset for "http://api.tmdb.org/3/search/movie?api_key=f7f51775877e0bb6703520952b3c7840&query=TOM_ES_JERRY_VOL_07&year=&language=hu"
21:48:05 T:8528   DEBUG: CCurlFile::GetMimeType - http://image.tmdb.org/t/p/original/lzdbAVS3ABK8k6xGpYHU8E02OAA.jpg -> image/jpeg
21:48:05 T:8528   DEBUG: CurlFile::Open(198F5930) http://image.tmdb.org/t/p/original/lzdbAVS3ABK8k6xGpYHU8E02OAA.jpg
21:48:05 T:8208   DEBUG: scraper: GetSearchResults returned <results></results>
21:48:05 T:8208 WARNING: No information found for item 'smb://SYNOLOGY/Movies/Mesék/TOM_ES_JERRY_VOL_07.ISO', it won't be added to the library.
21:48:05 T:8208   DEBUG: VideoInfoScanner: No NFO file found. Using title search for 'smb://SYNOLOGY/Movies/Mesék/TOM_ES_JERRY_VOL_08.ISO'
21:48:05 T:8208   DEBUG: ADDON::CScraper::FindMovie: Searching for 'TOM ES JERRY VOL 08' using The Movie Database scraper (path: 'C:\Users\hajos\AppData\Roaming\Kodi\addons\metadata.themoviedb.org', content: 'movies', version: '3.9.2')
21:48:05 T:8208   DEBUG: scraper: CreateSearchUrl returned <url>http://api.tmdb.org/3/search/movie?api_key=f7f51775877e0bb6703520952b3c7840&amp;query=TOM%20ES%20JERRY%20VOL%2008&amp;year=&amp;language=hu</url>
21:48:05 T:8208   DEBUG: CurlFile::Open(18F26628) http://api.tmdb.org/3/search/movie?api_key=f7f51775877e0bb6703520952b3c7840&query=TOM%20ES%20JERRY%20VOL%2008&year=&language=hu
21:48:05 T:8528   DEBUG: Caching image 'http://image.tmdb.org/t/p/original/lzdbAVS3ABK8k6xGpYHU8E02OAA.jpg' to '0/020cbc11.jpg':
21:48:05 T:8528   DEBUG: cached image 'special://masterprofile/Thumbnails/0/020cbc11.jpg' size 375x562
21:48:05 T:8208   DEBUG: CScraperUrl::Get: Using "UTF-8" charset for "http://api.tmdb.org/3/search/movie?api_key=f7f51775877e0bb6703520952b3c7840&query=TOM%20ES%20JERRY%20VOL%2008&year=&language=hu"
21:48:05 T:8208   DEBUG: scraper: GetSearchResults returned <results></results>
21:48:05 T:8208   DEBUG: ADDON::CScraper::FindMovie: Searching for 'TOM_ES_JERRY_VOL_08' using The Movie Database scraper (path: 'C:\Users\hajos\AppData\Roaming\Kodi\addons\metadata.themoviedb.org', content: 'movies', version: '3.9.2')
21:48:05 T:8208   DEBUG: scraper: CreateSearchUrl returned <url>http://api.tmdb.org/3/search/movie?api_key=f7f51775877e0bb6703520952b3c7840&amp;query=TOM_ES_JERRY_VOL_08&amp;year=&amp;language=hu</url>
21:48:05 T:8208   DEBUG: CurlFile::Open(18F26628) http://api.tmdb.org/3/search/movie?api_key=f7f51775877e0bb6703520952b3c7840&query=TOM_ES_JERRY_VOL_08&year=&language=hu
21:48:05 T:8208   DEBUG: CScraperUrl::Get: Using "UTF-8" charset for "http://api.tmdb.org/3/search/movie?api_key=f7f51775877e0bb6703520952b3c7840&query=TOM_ES_JERRY_VOL_08&year=&language=hu"
21:48:05 T:8208   DEBUG: scraper: GetSearchResults returned <results></results>
21:48:05 T:8208 WARNING: No information found for item 'smb://SYNOLOGY/Movies/Mesék/TOM_ES_JERRY_VOL_08.ISO', it won't be added to the library.
21:48:05 T:8208   DEBUG: VideoInfoScanner: No NFO file found. Using title search for 'smb://SYNOLOGY/Movies/Mesék/TOM_ES_JERRY_VOL_09.ISO'
21:48:05 T:8208   DEBUG: ADDON::CScraper::FindMovie: Searching for 'TOM ES JERRY VOL 09' using The Movie Database scraper (path: 'C:\Users\hajos\AppData\Roaming\Kodi\addons\metadata.themoviedb.org', content: 'movies', version: '3.9.2')
21:48:05 T:8528   DEBUG: CCurlFile::GetMimeType - http://image.tmdb.org/t/p/original/s3slnuF2U18zAPJi0yovdzZPIQF.jpg -> image/jpeg
21:48:05 T:8528   DEBUG: CurlFile::Open(198FE670) http://image.tmdb.org/t/p/original/s3slnuF2U18zAPJi0yovdzZPIQF.jpg
21:48:05 T:8208   DEBUG: scraper: CreateSearchUrl returned <url>http://api.tmdb.org/3/search/movie?api_key=f7f51775877e0bb6703520952b3c7840&amp;query=TOM%20ES%20JERRY%20VOL%2009&amp;year=&amp;language=hu</url>
21:48:05 T:8208   DEBUG: CurlFile::Open(1B78C390) http://api.tmdb.org/3/search/movie?api_key=f7f51775877e0bb6703520952b3c7840&query=TOM%20ES%20JERRY%20VOL%2009&year=&language=hu
21:48:05 T:2584   DEBUG: SECTION:UnloadDelayed(DLL: special://xbmcbin/system/ImageLib.dll)
21:48:06 T:8528   DEBUG: Caching image 'http://image.tmdb.org/t/p/original/s3slnuF2U18zAPJi0yovdzZPIQF.jpg' to 'a/ad562d7e.jpg':
21:48:06 T:8528   DEBUG: cached image 'special://masterprofile/Thumbnails/a/ad562d7e.jpg' size 300x450
21:48:06 T:8208   DEBUG: CScraperUrl::Get: Using "UTF-8" charset for "http://api.tmdb.org/3/search/movie?api_key=f7f51775877e0bb6703520952b3c7840&query=TOM%20ES%20JERRY%20VOL%2009&year=&language=hu"
21:48:06 T:8208   DEBUG: scraper: GetSearchResults returned <results></results>
21:48:06 T:8208   DEBUG: ADDON::CScraper::FindMovie: Searching for 'TOM_ES_JERRY_VOL_09' using The Movie Database scraper (path: 'C:\Users\hajos\AppData\Roaming\Kodi\addons\metadata.themoviedb.org', content: 'movies', version: '3.9.2')
21:48:06 T:8208   DEBUG: scraper: CreateSearchUrl returned <url>http://api.tmdb.org/3/search/movie?api_key=f7f51775877e0bb6703520952b3c7840&amp;query=TOM_ES_JERRY_VOL_09&amp;year=&amp;language=hu</url>
21:48:06 T:8208   DEBUG: CurlFile::Open(1B78C390) http://api.tmdb.org/3/search/movie?api_key=f7f51775877e0bb6703520952b3c7840&query=TOM_ES_JERRY_VOL_09&year=&language=hu
21:48:06 T:8208   DEBUG: CScraperUrl::Get: Using "UTF-8" charset for "http://api.tmdb.org/3/search/movie?api_key=f7f51775877e0bb6703520952b3c7840&query=TOM_ES_JERRY_VOL_09&year=&language=hu"
21:48:06 T:8208   DEBUG: scraper: GetSearchResults returned <results></results>
21:48:06 T:8208 WARNING: No information found for item 'smb://SYNOLOGY/Movies/Mesék/TOM_ES_JERRY_VOL_09.ISO', it won't be added to the library.
21:48:06 T:8208   DEBUG: CVideoDatabase::GetMovieId (smb://SYNOLOGY/Movies/Mesék/TOM_ES_JERRY_VOL_10.ISO), query = select idMovie from movie where idFile=2104
21:48:06 T:8208   DEBUG: CVideoDatabase::GetMovieId (smb://SYNOLOGY/Movies/Mesék/TOM_ES_JERRY_VOL_11.ISO), query = select idMovie from movie where idFile=2105
21:48:06 T:8208   DEBUG: CVideoDatabase::GetMovieId (smb://SYNOLOGY/Movies/Mesék/TOM_ES_JERRY_VOL_12.ISO), query = select idMovie from movie where idFile=2106
21:48:06 T:8208   DEBUG: CVideoDatabase::GetMovieId (smb://SYNOLOGY/Movies/Mesék/Toy.Story.2.1999.720p.x264.HDTV.HUN.ENG-FOX.mkv), query = select idMovie from movie where idFile=1293
21:48:06 T:8208   DEBUG: CVideoDatabase::GetMovieId (smb://SYNOLOGY/Movies/Mesék/Toy.Story.3.2010.1080p.BluRay.DUBBED.Hun.x264-Ozaki.mkv), query = select idMovie from movie where idFile=1294
21:48:06 T:8208   DEBUG: CVideoDatabase::GetMovieId (smb://SYNOLOGY/Movies/Mesék/Toy.Story.1995.720p.x264.HDTV.HUN.ENG-FOX.mkv), query = select idMovie from movie where idFile=1295
21:48:06 T:8208   DEBUG: CVideoDatabase::GetMovieId (smb://SYNOLOGY/Movies/Mesék/Turbo.2013.720p.BluRay.DTS-ES.x264.HuN-MWT.mkv), query = select idMovie from movie where idFile=1296
21:48:06 T:8208   DEBUG: CVideoDatabase::GetMovieId (smb://SYNOLOGY/Movies/Mesék/Up.2009.1080p.BluRay.DTS.x264.Hungarian-BW.mkv), query = select idMovie from movie where idFile=1297
21:48:06 T:8208   DEBUG: CVideoDatabase::GetMovieId (smb://SYNOLOGY/Movies/Mesék/Wreck-It.Ralph.2012.720p.BluRay.ENG.x264.HuN-TRiNiTY.mkv), query = select idMovie from movie where idFile=1298
21:48:06 T:8208   DEBUG: Mysql execute: update path set strHash='69898A0A4C88547D209CE32666AA6CE9' where idPath=201
21:48:06 T:8208   DEBUG: VideoInfoScanner: Finished adding information from dir smb://SYNOLOGY/Movies/Mesék/
21:48:06 T:8208   DEBUG: VideoInfoScanner: Rescanning dir 'smb://SYNOLOGY/Movies/Uj filmek/' due to change (A0444EBD5F1D8434359053A9FC0B56EE != E0ACC7B15CE468010BE67CA92418A540)
21:48:06 T:8208   DEBUG: CVideoDatabase::GetMovieId (smb://SYNOLOGY/Movies/Uj filmek/The.Worlds.Fastest.Indian.2005.Open.Matte.BluRay.REMUX.AVC.DTS-HD.MA.5.1.HuN-SaS/BDMV/index.bdmv), query = select idMovie from movie where idFile=1314
21:48:06 T:8208   DEBUG: CVideoDatabase::GetMovieId (smb://SYNOLOGY/Movies/Uj filmek/12.Years.A.Slave.2013.720p.WEB-DL.DD5.1.H.264-ELiTE.mkv), query = select idMovie from movie where idFile=1315
21:48:06 T:8208   DEBUG: CVideoDatabase::GetMovieId (smb://SYNOLOGY/Movies/Uj filmek/A.tengeren.tulon.2004.1080p.Bluray.Remux.DTS.HUN-ENG-69.mkv), query = select idMovie from movie where idFile=1316
21:48:06 T:8528   DEBUG: CCurlFile::GetMimeType - http://image.tmdb.org/t/p/original/glLP2I4fY5VCcfvMzuZROH3PuPe.jpg -> image/jpeg
21:48:06 T:8528   DEBUG: CurlFile::Open(198F9C48) http://image.tmdb.org/t/p/original/glLP2I4fY5VCcfvMzuZROH3PuPe.jpg
21:48:06 T:8208   DEBUG: CVideoDatabase::GetMovieId (smb://SYNOLOGY/Movies/Uj filmek/Courageous.2011.720p.BluRay.DD5.1.x264-R4Z3R.mkv), query = select idMovie from movie where idFile=1317
21:48:06 T:8208   DEBUG: CVideoDatabase::GetMovieId (smb://SYNOLOGY/Movies/Uj filmek/Dogkeselyu.DVDR.HunDub.Pal.1982-FoF.ISO), query = select idMovie from movie where idFile=1353
21:48:06 T:8208   DEBUG: ADDON::CScraper::FindMovie: Searching for 'Dogkeselyu DVDR HunDub' using The Movie Database scraper (path: 'C:\Users\hajos\AppData\Roaming\Kodi\addons\metadata.themoviedb.org', content: 'movies', version: '3.9.2')
21:48:06 T:8208   DEBUG: scraper: CreateSearchUrl returned <url>http://api.tmdb.org/3/search/movie?api_key=f7f51775877e0bb6703520952b3c7840&amp;query=Dogkeselyu%20DVDR%20HunDub&amp;year=1982&amp;language=hu</url>
21:48:06 T:8208   DEBUG: CurlFile::Open(05570538) http://api.tmdb.org/3/search/movie?api_key=f7f51775877e0bb6703520952b3c7840&query=Dogkeselyu%20DVDR%20HunDub&year=1982&language=hu
21:48:06 T:2584   DEBUG: Keyboard: scancode: 0x29, sym: 0x0030, unicode: 0x0030, modifier: 0x0
21:48:06 T:2584   DEBUG: CInputManager::OnKey: zero (0xf030) pressed, action is Number0
21:48:06 T:2584   DEBUG: ------ Window Deinit (Pointer.xml) ------
21:48:06 T:8528   DEBUG: Caching image 'http://image.tmdb.org/t/p/original/glLP2I4fY5VCcfvMzuZROH3PuPe.jpg' to '4/4374497c.jpg':
21:48:06 T:8528   DEBUG: cached image 'special://masterprofile/Thumbnails/4/4374497c.jpg' size 444x667
21:48:06 T:2584   DEBUG: ------ Window Init (Pointer.xml) ------
21:48:07 T:8208   DEBUG: CScraperUrl::Get: Using "UTF-8" charset for "http://api.tmdb.org/3/search/movie?api_key=f7f51775877e0bb6703520952b3c7840&query=Dogkeselyu%20DVDR%20HunDub&year=1982&language=hu"
21:48:07 T:8208   DEBUG: scraper: GetSearchResults returned <results></results>
21:48:07 T:8208   DEBUG: ADDON::CScraper::FindMovie: Searching for 'Dogkeselyu.DVDR.HunDub' using The Movie Database scraper (path: 'C:\Users\hajos\AppData\Roaming\Kodi\addons\metadata.themoviedb.org', content: 'movies', version: '3.9.2')
21:48:07 T:8208   DEBUG: scraper: CreateSearchUrl returned <url>http://api.tmdb.org/3/search/movie?api_key=f7f51775877e0bb6703520952b3c7840&amp;query=Dogkeselyu.DVDR.HunDub&amp;year=&amp;language=hu</url>
21:48:07 T:8208   DEBUG: CurlFile::Open(05570538) http://api.tmdb.org/3/search/movie?api_key=f7f51775877e0bb6703520952b3c7840&query=Dogkeselyu.DVDR.HunDub&year=&language=hu
21:48:07 T:8528   DEBUG: CCurlFile::GetMimeType - http://image.tmdb.org/t/p/original/hyNoYizzKfCAelJhi0aCCARrsnK.jpg -> image/jpeg
21:48:07 T:8528   DEBUG: CurlFile::Open(198F27C0) http://image.tmdb.org/t/p/original/hyNoYizzKfCAelJhi0aCCARrsnK.jpg
21:48:07 T:8208   DEBUG: CScraperUrl::Get: Using "UTF-8" charset for "http://api.tmdb.org/3/search/movie?api_key=f7f51775877e0bb6703520952b3c7840&query=Dogkeselyu.DVDR.HunDub&year=&language=hu"
21:48:07 T:8208   DEBUG: scraper: GetSearchResults returned <results></results>
21:48:07 T:8208 WARNING: No information found for item 'smb://SYNOLOGY/Movies/Uj filmek/Dogkeselyu.DVDR.HunDub.Pal.1982-FoF.ISO', it won't be added to the library.
21:48:07 T:8528   DEBUG: Caching image 'http://image.tmdb.org/t/p/original/hyNoYizzKfCAelJhi0aCCARrsnK.jpg' to '7/765bfaa2.jpg':
21:48:07 T:8528   DEBUG: cached image 'special://masterprofile/Thumbnails/7/765bfaa2.jpg' size 390x622
21:48:07 T:8208   DEBUG: CVideoDatabase::GetMovieId (smb://SYNOLOGY/Movies/Uj filmek/Eldorado.1988.DVDRip.XviD.HUN-CORN.avi), query = select idMovie from movie where idFile=1319
21:48:07 T:8208   DEBUG: CVideoDatabase::GetMovieId (smb://SYNOLOGY/Movies/Uj filmek/Ida.2013.LiMiTED.720p.BluRay.x264-CiNEFiLE.mkv), query = select idMovie from movie where idFile=1320
21:48:07 T:8208   DEBUG: CVideoDatabase::GetMovieId (smb://SYNOLOGY/Movies/Uj filmek/Korhinta.HunDub.PAL.1955-F.o.F.ISO), query = select idMovie from movie where idFile=1365
21:48:07 T:8208   DEBUG: ADDON::CScraper::FindMovie: Searching for 'Korhinta HunDub' using The Movie Database scraper (path: 'C:\Users\hajos\AppData\Roaming\Kodi\addons\metadata.themoviedb.org', content: 'movies', version: '3.9.2')
21:48:07 T:8208   DEBUG: scraper: CreateSearchUrl returned <url>http://api.tmdb.org/3/search/movie?api_key=f7f51775877e0bb6703520952b3c7840&amp;query=Korhinta%20HunDub&amp;year=1955&amp;language=hu</url>
21:48:07 T:8208   DEBUG: CurlFile::Open(0556DC28) http://api.tmdb.org/3/search/movie?api_key=f7f51775877e0bb6703520952b3c7840&query=Korhinta%20HunDub&year=1955&language=hu
21:48:07 T:2584   DEBUG: Keyboard: scancode: 0x01, sym: 0x001b, unicode: 0x001b, modifier: 0x0
21:48:07 T:2584   DEBUG: CInputManager::OnKey: escape (0xf01b) pressed, action is PreviousMenu
21:48:07 T:2584   DEBUG: CGUIWindowManager::PreviousWindow: Deactivate
21:48:07 T:2584   DEBUG: ------ Window Deinit (Pointer.xml) ------
21:48:07 T:8208   DEBUG: CScraperUrl::Get: Using "UTF-8" charset for "http://api.tmdb.org/3/search/movie?api_key=f7f51775877e0bb6703520952b3c7840&query=Korhinta%20HunDub&year=1955&language=hu"
21:48:07 T:8208   DEBUG: scraper: GetSearchResults returned <results></results>
21:48:07 T:8208   DEBUG: ADDON::CScraper::FindMovie: Searching for 'Korhinta.HunDub' using The Movie Database scraper (path: 'C:\Users\hajos\AppData\Roaming\Kodi\addons\metadata.themoviedb.org', content: 'movies', version: '3.9.2')
21:48:07 T:8208   DEBUG: scraper: CreateSearchUrl returned <url>http://api.tmdb.org/3/search/movie?api_key=f7f51775877e0bb6703520952b3c7840&amp;query=Korhinta.HunDub&amp;year=&amp;language=hu</url>
21:48:07 T:8208   DEBUG: CurlFile::Open(0556DC28) http://api.tmdb.org/3/search/movie?api_key=f7f51775877e0bb6703520952b3c7840&query=Korhinta.HunDub&year=&language=hu
21:48:07 T:8528   DEBUG: CCurlFile::GetMimeType - http://image.tmdb.org/t/p/original/d7ANtJwCCWN98kGmzvISxBSLBNr.jpg -> image/jpeg
21:48:07 T:8528   DEBUG: CurlFile::Open(1B0786D0) http://image.tmdb.org/t/p/original/d7ANtJwCCWN98kGmzvISxBSLBNr.jpg
21:48:07 T:2584   DEBUG: ------ Window Deinit (SettingsCategory.xml) ------
21:48:07 T:2584   DEBUG: CGUIWindowManager::PreviousWindow: Activate new
21:48:07 T:2584   DEBUG: ------ Window Init (Settings.xml) ------
21:48:08 T:2584   DEBUG: ------ Window Init (Pointer.xml) ------
21:48:08 T:8208   DEBUG: CScraperUrl::Get: Using "UTF-8" charset for "http://api.tmdb.org/3/search/movie?api_key=f7f51775877e0bb6703520952b3c7840&query=Korhinta.HunDub&year=&language=hu"
21:48:08 T:8208   DEBUG: scraper: GetSearchResults returned <results></results>
21:48:08 T:8208 WARNING: No information found for item 'smb://SYNOLOGY/Movies/Uj filmek/Korhinta.HunDub.PAL.1955-F.o.F.ISO', it won't be added to the library.
21:48:08 T:8208   DEBUG: CVideoDatabase::GetMovieId (smb://SYNOLOGY/Movies/Uj filmek/Le.a.Cipovel.Hun.DvdRip.Xvid-viner.avi), query = select idMovie from movie where idFile=1338
21:48:08 T:8528   DEBUG: Caching image 'http://image.tmdb.org/t/p/original/d7ANtJwCCWN98kGmzvISxBSLBNr.jpg' to 'b/bc00d527.jpg':
21:48:08 T:8528   DEBUG: cached image 'special://masterprofile/Thumbnails/b/bc00d527.jpg' size 473x710
21:48:08 T:8208   DEBUG: ADDON::CScraper::FindMovie: Searching for 'Le a Cipovel Hun' using The Movie Database scraper (path: 'C:\Users\hajos\AppData\Roaming\Kodi\addons\metadata.themoviedb.org', content: 'movies', version: '3.9.2')
21:48:08 T:8208   DEBUG: scraper: CreateSearchUrl returned <url>http://api.tmdb.org/3/search/movie?api_key=f7f51775877e0bb6703520952b3c7840&amp;query=Le%20a%20Cipovel%20Hun&amp;year=&amp;language=hu</url>
21:48:08 T:8208   DEBUG: CurlFile::Open(1C068BA0) http://api.tmdb.org/3/search/movie?api_key=f7f51775877e0bb6703520952b3c7840&query=Le%20a%20Cipovel%20Hun&year=&language=hu
21:48:08 T:8528   DEBUG: CCurlFile::GetMimeType - http://image.tmdb.org/t/p/original/2DefK5vG0JquPJ1UdcckaPRcy96.jpg -> image/jpeg
21:48:08 T:8528   DEBUG: CurlFile::Open(198F1D28) http://image.tmdb.org/t/p/original/2DefK5vG0JquPJ1UdcckaPRcy96.jpg
21:48:08 T:8208   DEBUG: CScraperUrl::Get: Using "UTF-8" charset for "http://api.tmdb.org/3/search/movie?api_key=f7f51775877e0bb6703520952b3c7840&query=Le%20a%20Cipovel%20Hun&year=&language=hu"
21:48:08 T:8208   DEBUG: scraper: GetSearchResults returned <results></results>
21:48:08 T:8208   DEBUG: ADDON::CScraper::FindMovie: Searching for 'Le.a.Cipovel.Hun' using The Movie Database scraper (path: 'C:\Users\hajos\AppData\Roaming\Kodi\addons\metadata.themoviedb.org', content: 'movies', version: '3.9.2')
21:48:08 T:8208   DEBUG: scraper: CreateSearchUrl returned <url>http://api.tmdb.org/3/search/movie?api_key=f7f51775877e0bb6703520952b3c7840&amp;query=Le.a.Cipovel.Hun&amp;year=&amp;language=hu</url>
21:48:08 T:8208   DEBUG: CurlFile::Open(1C068BA0) http://api.tmdb.org/3/search/movie?api_key=f7f51775877e0bb6703520952b3c7840&query=Le.a.Cipovel.Hun&year=&language=hu
21:48:08 T:8208   DEBUG: CScraperUrl::Get: Using "UTF-8" charset for "http://api.tmdb.org/3/search/movie?api_key=f7f51775877e0bb6703520952b3c7840&query=Le.a.Cipovel.Hun&year=&language=hu"
21:48:08 T:8208   DEBUG: scraper: GetSearchResults returned <results></results>
21:48:08 T:8208 WARNING: No information found for item 'smb://SYNOLOGY/Movies/Uj filmek/Le.a.Cipovel.Hun.DvdRip.Xvid-viner.avi', it won't be added to the library.
21:48:08 T:8208   DEBUG: CVideoDatabase::GetMovieId (smb://SYNOLOGY/Movies/Uj filmek/Le.pacte.des.loups.DC.2001.720p.BluRay.x264.DTS.Hun.Eng-KRM.mkv), query = select idMovie from movie where idFile=1321
21:48:08 T:8528   DEBUG: Caching image 'http://image.tmdb.org/t/p/original/2DefK5vG0JquPJ1UdcckaPRcy96.jpg' to 'c/ccb6eb37.jpg':
21:48:08 T:8208   DEBUG: CVideoDatabase::GetMovieId (smb://SYNOLOGY/Movies/Uj filmek/Skyfall.2013.1080p.READ.NFO.BluRay.x265-DAA.mkv), query = select idMovie from movie where idFile=1322
21:48:08 T:8208   DEBUG: CVideoDatabase::GetMovieId (smb://SYNOLOGY/Movies/Uj filmek/Starred.Up.2013.720p.BluRay.X264-AMIABLE.mkv), query = select idMovie from movie where idFile=1323
21:48:08 T:8208   DEBUG: CVideoDatabase::GetMovieId (smb://SYNOLOGY/Movies/Uj filmek/Szegenylegenyek.1965.HUN.DVDRip.XviD-TTT.avi), query = select idMovie from movie where idFile=1324
21:48:08 T:2584   DEBUG: Keyboard: scancode: 0x01, sym: 0x001b, unicode: 0x001b, modifier: 0x0
21:48:08 T:2584   DEBUG: CInputManager::OnKey: escape (0xf01b) pressed, action is PreviousMenu
21:48:08 T:2584   DEBUG: CGUIWindowManager::PreviousWindow: Deactivate
21:48:08 T:2584   DEBUG: ------ Window Deinit (Pointer.xml) ------
21:48:08 T:8208   DEBUG: CVideoDatabase::GetMovieId (smb://SYNOLOGY/Movies/Uj filmek/Szerepcsere 1080p.mkv), query = select idMovie from movie where idFile=1325
21:48:08 T:8528   DEBUG: cached image 'special://masterprofile/Thumbnails/c/ccb6eb37.jpg' size 490x720
21:48:08 T:8208   DEBUG: CVideoDatabase::GetMovieId (smb://SYNOLOGY/Movies/Uj filmek/The.Best.Offer.2013.720p.BluRay.x264.AC3.HUN-N&R.mkv), query = select idMovie from movie where idFile=1326
21:48:08 T:8208   DEBUG: CVideoDatabase::GetMovieId (smb://SYNOLOGY/Movies/Uj filmek/The.Piano.1993.720p.BluRay.DTS.x264.HuN-TRiNiTY.mkv), query = select idMovie from movie where idFile=1327
21:48:08 T:8208   DEBUG: CVideoDatabase::GetMovieId (smb://SYNOLOGY/Movies/Uj filmek/Time.Stands.Still.1982.DVDRip.XviD-MNFA.avi), query = select idMovie from movie where idFile=1328
21:48:08 T:8208   DEBUG: CVideoDatabase::GetMovieId (smb://SYNOLOGY/Movies/Uj filmek/Valahol.Europaban.DVDR.HunDub.PAL.1947-F.o.F.ISO), query = select idMovie from movie where idFile=1369
21:48:08 T:8208   DEBUG: ADDON::CScraper::FindMovie: Searching for 'Valahol Europaban DVDR HunDub' using The Movie Database scraper (path: 'C:\Users\hajos\AppData\Roaming\Kodi\addons\metadata.themoviedb.org', content: 'movies', version: '3.9.2')
21:48:08 T:8208   DEBUG: scraper: CreateSearchUrl returned <url>http://api.tmdb.org/3/search/movie?api_key=f7f51775877e0bb6703520952b3c7840&amp;query=Valahol%20Europaban%20DVDR%20HunDub&amp;year=1947&amp;language=hu</url>
21:48:08 T:8208   DEBUG: CurlFile::Open(1C06E008) http://api.tmdb.org/3/search/movie?api_key=f7f51775877e0bb6703520952b3c7840&query=Valahol%20Europaban%20DVDR%20HunDub&year=1947&language=hu
21:48:08 T:2584   DEBUG: ------ Window Deinit (Settings.xml) ------
21:48:08 T:2584   DEBUG: CGUIWindowManager::PreviousWindow: Activate new
21:48:08 T:2584   DEBUG: ------ Window Init (Home.xml) ------
21:48:08 T:11272   DEBUG: CRecentlyAddedJob::UpdateMusic() - Running RecentlyAdded home screen update
21:48:09 T:8528   DEBUG: CCurlFile::GetMimeType - http://image.tmdb.org/t/p/original/xPpE9vinviRqjewLsnMQ5X5Dx9B.jpg -> image/jpeg
21:48:09 T:8528   DEBUG: CurlFile::Open(1BCCBBD0) http://image.tmdb.org/t/p/original/xPpE9vinviRqjewLsnMQ5X5Dx9B.jpg
21:48:09 T:11272   DEBUG: GetRecentlyAddedAlbumSongs() query: SELECT songview.*, songartistview.* FROM (SELECT idAlbum FROM album ORDER BY idAlbum DESC LIMIT 10) AS recentalbums JOIN songview ON songview.idAlbum = recentalbums.idAlbum JOIN songartistview ON songview.idSong = songartistview.idSong ORDER BY songview.idAlbum desc, songview.itrack, songartistview.iOrder
21:48:09 T:8208   DEBUG: CScraperUrl::Get: Using "UTF-8" charset for "http://api.tmdb.org/3/search/movie?api_key=f7f51775877e0bb6703520952b3c7840&query=Valahol%20Europaban%20DVDR%20HunDub&year=1947&language=hu"
21:48:09 T:8208   DEBUG: scraper: GetSearchResults returned <results></results>
21:48:09 T:8208   DEBUG: ADDON::CScraper::FindMovie: Searching for 'Valahol.Europaban.DVDR.HunDub' using The Movie Database scraper (path: 'C:\Users\hajos\AppData\Roaming\Kodi\addons\metadata.themoviedb.org', content: 'movies', version: '3.9.2')
21:48:09 T:8208   DEBUG: scraper: CreateSearchUrl returned <url>http://api.tmdb.org/3/search/movie?api_key=f7f51775877e0bb6703520952b3c7840&amp;query=Valahol.Europaban.DVDR.HunDub&amp;year=&amp;language=hu</url>
21:48:09 T:8208   DEBUG: CurlFile::Open(1C06E008) http://api.tmdb.org/3/search/movie?api_key=f7f51775877e0bb6703520952b3c7840&query=Valahol.Europaban.DVDR.HunDub&year=&language=hu
21:48:09 T:11272   DEBUG: CMusicDatabase::GetRecentlyAddedAlbums query: SELECT albumview.*, albumartistview.* FROM (SELECT idAlbum FROM album WHERE strAlbum != '' ORDER BY idAlbum DESC LIMIT 10) AS recentalbums JOIN albumview ON albumview.idAlbum = recentalbums.idAlbum LEFT JOIN albumartistview ON albumview.idAlbum = albumartistview.idAlbum ORDER BY albumview.idAlbum desc, albumartistview.iOrder
21:48:09 T:8528   DEBUG: Caching image 'http://image.tmdb.org/t/p/original/xPpE9vinviRqjewLsnMQ5X5Dx9B.jpg' to '4/40a72c26.jpg':
21:48:09 T:8528   DEBUG: cached image 'special://masterprofile/Thumbnails/4/40a72c26.jpg' size 346x380
21:48:09 T:11272   DEBUG: CRecentlyAddedJob::UpdateVideos() - Running RecentlyAdded home screen update
21:48:09 T:11272   DEBUG: CVideoDatabase::RunQuery took 16 ms for 10 items query: select * from movie_view  ORDER BY dateAdded desc, idMovie desc LIMIT 10
21:48:09 T:11272   DEBUG: CVideoDatabase::RunQuery took 2 ms for 0 items query: select * from episode_view  ORDER BY dateAdded desc, idEpisode desc LIMIT 10
21:48:09 T:11272   DEBUG: CVideoDatabase::RunQuery took 1 ms for 0 items query: select * from musicvideo_view  ORDER BY dateAdded desc, idMVideo desc LIMIT 10
21:48:09 T:11272   DEBUG: CRecentlyAddedJob::UpdateTotal() - Running RecentlyAdded home screen update
21:48:09 T:8208   DEBUG: CScraperUrl::Get: Using "UTF-8" charset for "http://api.tmdb.org/3/search/movie?api_key=f7f51775877e0bb6703520952b3c7840&query=Valahol.Europaban.DVDR.HunDub&year=&language=hu"
21:48:09 T:8208   DEBUG: scraper: GetSearchResults returned <results></results>
21:48:09 T:8208 WARNING: No information found for item 'smb://SYNOLOGY/Movies/Uj filmek/Valahol.Europaban.DVDR.HunDub.PAL.1947-F.o.F.ISO', it won't be added to the library.
21:48:09 T:8208   DEBUG: Mysql execute: update path set strHash='E0ACC7B15CE468010BE67CA92418A540' where idPath=204
21:48:09 T:8208   DEBUG: VideoInfoScanner: Finished adding information from dir smb://SYNOLOGY/Movies/Uj filmek/
21:48:09 T:8208   DEBUG: VideoInfoScanner: Rescanning dir 'smb://SYNOLOGY/Movies/Uj filmek/A.tizedes.meg.a.tobbiek.1965.Hun.DVDRip.XviD-SF/' due to change (0F7DB6BC10B04AD295E1550AF18F762F != 431CBAC1A795D9C474EC328E3D60F183)
21:48:09 T:8208   DEBUG: CVideoDatabase::GetMovieId (stack://smb://SYNOLOGY/Movies/Uj filmek/A.tizedes.meg.a.tobbiek.1965.Hun.DVDRip.XviD-SF/a.tizedes.meg.a.tobbiek.1965.hun.dvdrip.xvid-sf.cd1.avi , smb://SYNOLOGY/Movies/Uj filmek/A.tizedes.meg.a.tobbiek.1965.Hun.DVDRip.XviD-SF/a.tizedes.meg.a.tobbiek.1965.hun.dvdrip.xvid-sf.cd2.avi), query = select idMovie from movie where idFile=1329
21:48:09 T:8208   DEBUG: Mysql execute: update path set strHash='431CBAC1A795D9C474EC328E3D60F183' where idPath=206
21:48:09 T:8208   DEBUG: VideoInfoScanner: Finished adding information from dir smb://SYNOLOGY/Movies/Uj filmek/A.tizedes.meg.a.tobbiek.1965.Hun.DVDRip.XviD-SF/
21:48:09 T:8208   DEBUG: VideoInfoScanner: Rescanning dir 'smb://SYNOLOGY/Movies/Uj filmek/Ket.felido.a.pokolban.1962.DVDRip.XviD.HuN-MaNCSi/' due to change (0F7DB6BC10B04AD295E1550AF18F762F != D3EE21997BCFF26CF98E7456001687CC)
21:48:09 T:8208   DEBUG: CVideoDatabase::GetMovieId (stack://smb://SYNOLOGY/Movies/Uj filmek/Ket.felido.a.pokolban.1962.DVDRip.XviD.HuN-MaNCSi/Ket.felido.a.pokolban.1962.DVDRip.XviD.HuN-MaNCSi.CD01.avi , smb://SYNOLOGY/Movies/Uj filmek/Ket.felido.a.pokolban.1962.DVDRip.XviD.HuN-MaNCSi/Ket.felido.a.pokolban.1962.DVDRip.XviD.HuN-MaNCSi.CD02.avi), query = select idMovie from movie where idFile=1330
21:48:09 T:2584   DEBUG: ------ Window Init (Pointer.xml) ------
21:48:09 T:8208   DEBUG: Mysql execute: update path set strHash='D3EE21997BCFF26CF98E7456001687CC' where idPath=207
21:48:09 T:8208   DEBUG: VideoInfoScanner: Finished adding information from dir smb://SYNOLOGY/Movies/Uj filmek/Ket.felido.a.pokolban.1962.DVDRip.XviD.HuN-MaNCSi/
21:48:09 T:8208  NOTICE: VideoInfoScanner: Finished scan. Scanning for video info took 00:32
21:48:09 T:8208   DEBUG: CAnnouncementManager - Announcement: OnScanFinished from xbmc
21:48:09 T:8208   DEBUG: GOT ANNOUNCEMENT, type: 16, from xbmc, message OnScanFinished
21:48:09 T:8208   DEBUG: AddOnLog: Tvheadend HTSP Client: pvr.hts - Announce(flag=VideoLibrary, sender=xbmc, message=OnScanFinished)
21:48:09 T:11272   DEBUG: CRecentlyAddedJob::UpdateVideos() - Running RecentlyAdded home screen update
21:48:09 T:11272   DEBUG: CVideoDatabase::RunQuery took 14 ms for 10 items query: select * from movie_view  ORDER BY dateAdded desc, idMovie desc LIMIT 10
21:48:09 T:8208   DEBUG: CCurlFile::GetMimeType - http://image.tmdb.org/t/p/original/aq7c4wCLkOq0ZoLPxiavBobfbMu.jpg -> image/jpeg
21:48:09 T:8208   DEBUG: CurlFile::Open(1BCCE2A8) http://image.tmdb.org/t/p/original/aq7c4wCLkOq0ZoLPxiavBobfbMu.jpg
21:48:09 T:11272   DEBUG: CVideoDatabase::RunQuery took 2 ms for 0 items query: select * from episode_view  ORDER BY dateAdded desc, idEpisode desc LIMIT 10
21:48:09 T:11272   DEBUG: CVideoDatabase::RunQuery took 2 ms for 0 items query: select * from musicvideo_view  ORDER BY dateAdded desc, idMVideo desc LIMIT 10
21:48:09 T:11272   DEBUG: CRecentlyAddedJob::UpdateTotal() - Running RecentlyAdded home screen update
21:48:09 T:2584   DEBUG: CInputManager::ProcessMouse: trying mouse action wheelup
21:48:09 T:8208   DEBUG: Caching image 'http://image.tmdb.org/t/p/original/aq7c4wCLkOq0ZoLPxiavBobfbMu.jpg' to '1/12722621.jpg':
21:48:09 T:8208   DEBUG: cached image 'special://masterprofile/Thumbnails/1/12722621.jpg' size 480x720
21:48:09 T:2584   DEBUG: CInputManager::ProcessMouse: trying mouse action wheelup
21:48:09 T:2584   DEBUG: ------ Window Deinit (DialogExtendedProgressBar.xml) ------
21:48:10 T:11272   DEBUG: CCurlFile::GetMimeType - http://image.tmdb.org/t/p/original/z9XBm7O16ewq8Y6OPovoyLERNWg.jpg -> image/jpeg
21:48:10 T:11272   DEBUG: CurlFile::Open(1BCCDF20) http://image.tmdb.org/t/p/original/z9XBm7O16ewq8Y6OPovoyLERNWg.jpg
21:48:10 T:11272   DEBUG: Caching image 'http://image.tmdb.org/t/p/original/z9XBm7O16ewq8Y6OPovoyLERNWg.jpg' to '1/1cf81719.jpg':
21:48:10 T:11272   DEBUG: cached image 'special://masterprofile/Thumbnails/1/1cf81719.jpg' size 383x574
21:48:10 T:7848   DEBUG: CCurlFile::GetMimeType - http://image.tmdb.org/t/p/original/b28JIJMTwtVPiuz6TtOiFh5gNzs.jpg -> image/jpeg
21:48:10 T:7848   DEBUG: CurlFile::Open(1BCC9880) http://image.tmdb.org/t/p/original/b28JIJMTwtVPiuz6TtOiFh5gNzs.jpg
21:48:10 T:2584    INFO: XCURL::DllLibCurlGlobal::CheckIdle - Closing session to http://image.tmdb.org (easy=0F68FE78, multi=0F44CDC0)
21:48:10 T:7848   DEBUG: Caching image 'http://image.tmdb.org/t/p/original/b28JIJMTwtVPiuz6TtOiFh5gNzs.jpg' to '4/47326cc5.jpg':
21:48:10 T:7848   DEBUG: cached image 'special://masterprofile/Thumbnails/4/47326cc5.jpg' size 289x379
21:48:11 T:8208   DEBUG: CCurlFile::GetMimeType - http://image.tmdb.org/t/p/original/yQoWRjwZqhx0vuzi64dbwOi4Vrq.jpg -> image/jpeg
21:48:11 T:8208   DEBUG: CurlFile::Open(1BCCB848) http://image.tmdb.org/t/p/original/yQoWRjwZqhx0vuzi64dbwOi4Vrq.jpg
21:48:11 T:8208   DEBUG: Caching image 'http://image.tmdb.org/t/p/original/yQoWRjwZqhx0vuzi64dbwOi4Vrq.jpg' to 'b/b54fb0fa.jpg':
21:48:11 T:8208   DEBUG: cached image 'special://masterprofile/Thumbnails/b/b54fb0fa.jpg' size 300x450
21:48:11 T:2584   DEBUG: CInputManager::ProcessMouse: trying mouse action wheelup
21:48:11 T:8208    INFO: XCURL::DllLibCurlGlobal::easy_aquire - Created session to http://192.168.1.4
21:48:11 T:8208   DEBUG: CTextureCacheJob::GetImageHash - unable to stat url http://USERNAME:PASSWORD@192.168.1.4:9981/imagecache/957
21:48:11 T:2584   DEBUG: CInputManager::ProcessMouse: trying mouse action wheelup
21:48:11 T:11272   DEBUG: CCurlFile::GetMimeType - http://image.tmdb.org/t/p/original/9Ntziepdp2P2xsLGHdy0rchVJ3G.jpg -> image/jpeg
21:48:11 T:11272   DEBUG: CurlFile::Open(1BCCFB60) http://image.tmdb.org/t/p/original/9Ntziepdp2P2xsLGHdy0rchVJ3G.jpg
21:48:11 T:11272   DEBUG: Caching image 'http://image.tmdb.org/t/p/original/9Ntziepdp2P2xsLGHdy0rchVJ3G.jpg' to '1/1ce927ce.jpg':
21:48:11 T:11272   DEBUG: cached image 'special://masterprofile/Thumbnails/1/1ce927ce.jpg' size 400x599
21:48:12 T:2584   DEBUG: CInputManager::ProcessMouse: trying mouse action wheelup
21:48:12 T:8208   DEBUG: CCurlFile::GetMimeType - http://image.tmdb.org/t/p/original/8y5vikbwYbNcBfWt1hIjrgwEYYN.jpg -> image/jpeg
21:48:12 T:8208   DEBUG: CurlFile::Open(1BCD1B28) http://image.tmdb.org/t/p/original/8y5vikbwYbNcBfWt1hIjrgwEYYN.jpg
21:48:12 T:8208   DEBUG: Caching image 'http://image.tmdb.org/t/p/original/8y5vikbwYbNcBfWt1hIjrgwEYYN.jpg' to '7/7813af4d.jpg':
21:48:12 T:8208   DEBUG: cached image 'special://masterprofile/Thumbnails/7/7813af4d.jpg' size 300x450
21:48:12 T:8528   DEBUG: CCurlFile::GetMimeType - http://image.tmdb.org/t/p/original/2GbGAFBU5AjHRh1iZL6R3M1J8TL.jpg -> image/jpeg
21:48:12 T:8528   DEBUG: CurlFile::Open(1BCCE9B8) http://image.tmdb.org/t/p/original/2GbGAFBU5AjHRh1iZL6R3M1J8TL.jpg
21:48:13 T:2584    INFO: XCURL::DllLibCurlGlobal::CheckIdle - Closing session to http://image.tmdb.org (easy=0F698628, multi=0F44C570)
21:48:13 T:8528   DEBUG: Caching image 'http://image.tmdb.org/t/p/original/2GbGAFBU5AjHRh1iZL6R3M1J8TL.jpg' to '3/3afd6fb4.jpg':
21:48:13 T:8528   DEBUG: cached image 'special://masterprofile/Thumbnails/3/3afd6fb4.jpg' size 490x720
21:48:13 T:8208   DEBUG: CCurlFile::GetMimeType - http://image.tmdb.org/t/p/original/67LlDJlFDeIrZlI4o6IM23fG7Tr.jpg -> image/jpeg
21:48:13 T:8208   DEBUG: CurlFile::Open(1BCC6000) http://image.tmdb.org/t/p/original/67LlDJlFDeIrZlI4o6IM23fG7Tr.jpg
21:48:13 T:8208   DEBUG: Caching image 'http://image.tmdb.org/t/p/original/67LlDJlFDeIrZlI4o6IM23fG7Tr.jpg' to 'b/b44bb8c0.jpg':
21:48:13 T:8208   DEBUG: cached image 'special://masterprofile/Thumbnails/b/b44bb8c0.jpg' size 300x450
21:48:14 T:2584   DEBUG: CInputManager::ProcessMouse: trying mouse action leftclick
21:48:14 T:2584   DEBUG: Activating window ID: 10002
21:48:14 T:2584   DEBUG: ------ Window Deinit (Home.xml) ------
21:48:14 T:2584   DEBUG: SECTION:LoadDLL(special://xbmcbin/system/ImageLib.dll)
21:48:14 T:2584   DEBUG: ------ Window Init (MyPics.xml) ------
21:48:14 T:2584    INFO: Loading skin file: MyPics.xml, load type: KEEP_IN_MEMORY
21:48:14 T:2584   DEBUG: CGUIMediaWindow::GetDirectory ()
21:48:14 T:2584   DEBUG:   ParentPath = []
21:48:14 T:4152   DEBUG: Thread BackgroundLoader start, auto delete: false
21:48:14 T:4152   DEBUG: Thread BackgroundLoader 4152 terminating
21:48:16 T:2584   DEBUG: CInputManager::ProcessMouse: trying mouse action leftclick
21:48:16 T:2584   DEBUG: CGUIMediaWindow::GetDirectory (smb://SYNOLOGY/photo/)
21:48:16 T:2584   DEBUG:   ParentPath = []
21:48:16 T:3196   DEBUG: Thread BackgroundLoader start, auto delete: false
21:48:16 T:3196   DEBUG: Thread BackgroundLoader 3196 terminating
21:48:17 T:2584    INFO: XCURL::DllLibCurlGlobal::CheckIdle - Closing session to https://iptv.vargalex.hu (easy=0EE5B7C0, multi=0F44CEF0)
21:48:17 T:2584   DEBUG: CInputManager::ProcessMouse: trying mouse action leftclick
21:48:17 T:2584   DEBUG: CGUIMediaWindow::GetDirectory (smb://SYNOLOGY/photo/Photos/)
21:48:17 T:2584   DEBUG:   ParentPath = [smb://SYNOLOGY/photo/]
21:48:18 T:2584   DEBUG: ------ Window Init (DialogBusy.xml) ------
21:48:20 T:2584   DEBUG: Saving fileitems [smb://SYNOLOGY/photo/Photos/]
21:48:20 T:2584   DEBUG:   -- items: 10702, sort method: 0, ascending: false
21:48:20 T:7856   DEBUG: Thread BackgroundLoader start, auto delete: false
21:48:22 T:2584   DEBUG: DialogProgress::Open called
21:48:22 T:2584   DEBUG: ------ Window Init (DialogProgress.xml) ------
21:48:22 T:2584    INFO: Loading skin file: DialogProgress.xml, load type: KEEP_IN_MEMORY
21:48:22 T:2584   DEBUG: ------ Window Deinit (DialogBusy.xml) ------
21:48:22 T:7856   DEBUG: Loading items: 10702, directory: smb://SYNOLOGY/photo/Photos/ sort method: 0, ascending: false
21:48:24 T:7856   ERROR: CBackgroundInfoLoader::LoadItemCached - Unhandled exception for item smb://SYNOLOGY/photo/Photos/DSC_0753.JPG
21:48:24 T:7856   ERROR: CBackgroundInfoLoader::LoadItemCached - Unhandled exception for item smb://SYNOLOGY/photo/Photos/Picture 025_3.jpg
21:48:24 T:7856   ERROR: CBackgroundInfoLoader::LoadItemCached - Unhandled exception for item smb://SYNOLOGY/photo/Photos/DSC00258.JPG
21:48:24 T:7856   ERROR: CBackgroundInfoLoader::LoadItemCached - Unhandled exception for item smb://SYNOLOGY/photo/Photos/Kép12 040.jpg
21:48:24 T:7856   ERROR: CBackgroundInfoLoader::LoadItemCached - Unhandled exception for item smb://SYNOLOGY/photo/Photos/Nappali2_1.jpg
21:48:24 T:7856   ERROR: CBackgroundInfoLoader::LoadItemCached - Unhandled exception for item smb://SYNOLOGY/photo/Photos/DSC_0620_1.JPG
21:48:24 T:7856   ERROR: CBackgroundInfoLoader::LoadItemCached - Unhandled exception for item smb://SYNOLOGY/photo/Photos/IMG_1797.JPG
21:48:24 T:7856   ERROR: CBackgroundInfoLoader::LoadItemCached - Unhandled exception for item smb://SYNOLOGY/photo/Photos/DSC_0831.JPG
21:48:24 T:7856   ERROR: CBackgroundInfoLoader::LoadItemCached - Unhandled exception for item smb://SYNOLOGY/photo/Photos/IMG_5375.JPG
21:48:24 T:7856   ERROR: CBackgroundInfoLoader::LoadItemCached - Unhandled exception for item smb://SYNOLOGY/photo/Photos/IMG_5519.JPG
21:48:24 T:7856   ERROR: CBackgroundInfoLoader::LoadItemCached - Unhandled exception for item smb://SYNOLOGY/photo/Photos/DSC_0214.jpg
21:48:24 T:7856   ERROR: CBackgroundInfoLoader::LoadItemCached - Unhandled exception for item smb://SYNOLOGY/photo/Photos/Picture 026.jpg
21:48:24 T:7856   ERROR: CBackgroundInfoLoader::LoadItemCached - Unhandled exception for item smb://SYNOLOGY/photo/Photos/dok0007_1.JPG
21:48:24 T:7856   ERROR: CBackgroundInfoLoader::LoadItemCached - Unhandled exception for item smb://SYNOLOGY/photo/Photos/IMG_0211.jpg
21:48:24 T:7856   ERROR: CBackgroundInfoLoader::LoadItemCached - Unhandled exception for item smb://SYNOLOGY/photo/Photos/IMG_0211.JPG
21:48:24 T:7856   ERROR: CBackgroundInfoLoader::LoadItemCached - Unhandled exception for item smb://SYNOLOGY/photo/Photos/IMG_5315.JPG
21:48:24 T:7856   ERROR: CBackgroundInfoLoader::LoadItemCached - Unhandled exception for item smb://SYNOLOGY/photo/Photos/IMG_0250.JPG
21:48:24 T:7856   ERROR: CBackgroundInfoLoader::LoadItemCached - Unhandled exception for item smb://SYNOLOGY/photo/Photos/IMG_0250.jpg
21:48:24 T:7856   ERROR: CBackgroundInfoLoader::LoadItemCached - Unhandled exception for item smb://SYNOLOGY/photo/Photos/20161210_185219.jpg
21:48:24 T:7856   ERROR: CBackgroundInfoLoader::LoadItemCached - Unhandled exception for item smb://SYNOLOGY/photo/Photos/20160723_221356.jpg
21:48:24 T:7856   ERROR: CBackgroundInfoLoader::LoadItemCached - Unhandled exception for item smb://SYNOLOGY/photo/Photos/IMG_1343.JPG
21:48:24 T:7856   ERROR: CBackgroundInfoLoader::LoadItemCached - Unhandled exception for item smb://SYNOLOGY/photo/Photos/DSC_5080.jpg
21:48:24 T:7856   ERROR: CBackgroundInfoLoader::LoadItemCached - Unhandled exception for item smb://SYNOLOGY/photo/Photos/IMG_5263.JPG
21:48:24 T:7856   ERROR: CBackgroundInfoLoader::LoadItemCached - Unhandled exception for item smb://SYNOLOGY/photo/Photos/DSC_0644.JPG
21:48:24 T:7856   ERROR: CBackgroundInfoLoader::LoadItemCached - Unhandled exception for item smb://SYNOLOGY/photo/Photos/2003-07-15@1724_Puch_Muzeum2(1)(2).JPG
21:48:24 T:7856   ERROR: CBackgroundInfoLoader::LoadItemCached - Unhandled exception for item smb://SYNOLOGY/photo/Photos/2002-09-22@1443_Praga_Elso_eves_evfordulo.jpg
21:48:24 T:7856   ERROR: CBackgroundInfoLoader::LoadItemCached - Unhandled exception for item smb://SYNOLOGY/photo/Photos/IMG_2690_1.JPG
21:48:24 T:7856   ERROR: CBackgroundInfoLoader::LoadItemCached - Unhandled exception for item smb://SYNOLOGY/photo/Photos/IMG_0305_1.JPG
21:48:24 T:7856   ERROR: CBackgroundInfoLoader::LoadItemCached - Unhandled exception for item smb://SYNOLOGY/photo/Photos/2004-02-20@2049_berta_eskuvoje_new_yorkban.jpg
21:48:24 T:7856   ERROR: CBackgroundInfoLoader::LoadItemCached - Unhandled exception for item smb://SYNOLOGY/photo/Photos/IMG_0604.JPG
21:48:24 T:7856   ERROR: CBackgroundInfoLoader::LoadItemCached - Unhandled exception for item smb://SYNOLOGY/photo/Photos/20161211_175542.jpg
21:48:24 T:7856   ERROR: CBackgroundInfoLoader::LoadItemCached - Unhandled exception for item smb://SYNOLOGY/photo/Photos/DSC_0007_2.JPG
21:48:24 T:7856   ERROR: CBackgroundInfoLoader::LoadItemCached - Unhandled exception for item smb://SYNOLOGY/photo/Photos/P1010008_1.JPG
21:48:24 T:7856   ERROR: CBackgroundInfoLoader::LoadItemCached - Unhandled exception for item smb://SYNOLOGY/photo/Photos/Kép 002_3.jpg
